2*h, -3*m + 5*m - 183 = -h. Calculate the greatest common divisor of 405 and m.
45
Suppose -2*u + 38 = 5*b - 127, 2*b + 4*u - 82 = 0. Calculate the highest common factor of 31 and b.
31
Let k = 20 + -32. Let c = 18 - k. Suppose 8*x + 4*a - 348 = 4*x, 4*x + 5*a - 345 = 0. What is the highest common factor of c and x?
30
Suppose -d - 24 = 7. Let n = 57 + d. Let g(l) = 27*l**2 + 2*l - 3. Let z be g(-3). What is the greatest common divisor of z and n?
26
Let n(u) = -u**3 + 9*u**2 + 9*u + 21. Let d be n(10). What is the highest common factor of 22 and d?
11
Let l = 26 - 23. Suppose 6*y = 2*y. Suppose -3 = 2*n - y*n + 5*c, -4*n + 7 = -3*c. Calculate the highest common factor of n and l.
1
Let n(a) = -2*a**3 - 5*a**2 + 15*a + 5. Let w be n(-8). Calculate the highest common factor of 19 and w.
19
Let p = 82 - 72. Calculate the greatest common factor of 90 and p.
10
Let g(m) = m**3 + 14*m**2 - 2*m + 9. Let d be g(-14). Let z be -1*(-2 - -3 - d). Let r be 222/9 - (-4)/(-6). What is the greatest common factor of r and z?
12
Suppose 2*d - 7*q = -10*q + 31, 0 = -d - q + 13. Let a be (1 + -91)*(-8)/10. Calculate the greatest common divisor of a and d.
8
Let l(r) = -r**3 - 2*r**2 + 3. Let i be l(-3). Let x = -296 - -435. Let w = -79 + x. Calculate the highest common factor of w and i.
12
Let l be 2/4 - (-18)/(-4). Let u = l + 6. Suppose 4 - 7 = -3*n. Calculate the highest common divisor of u and n.
1
Let l be (-6)/9*15/(-1). Suppose y - 24840 = -207*y - 68*y. Calculate the highest common factor of y and l.
10
Let y be (-3 + 3 + 3)/1. Suppose 0 = -8*r + 7*r - y. Let t(b) = 6*b**2. Let g be t(r). What is the greatest common factor of 18 and g?
18
Suppose -3*k + 15*k = 1068. What is the highest common factor of 1068 and k?
89
Suppose 5*o = -q + 308, -23*q - 196 = -3*o - 18*q. What is the highest common factor of 403 and o?
31
Suppose 64 = 7*k + 29. Suppose -7 - 1 = -2*q. Suppose z - 6*z - 5*y + 60 = 0, -q*z + 66 = -k*y. What is the highest common divisor of z and 7?
7
Let v be 6/(-3) - (7 + -66 + -1). Calculate the highest common divisor of 4118 and v.
58
Let u(l) = -l**3 - 17*l**2 - 34*l - 30. Let t be u(-15). What is the highest common factor of t and 27?
3
Let j = -16 + 27. Let u(r) = j*r - r - r**2 - 11 + r. Let a be u(8). What is the greatest common factor of a and 143?
13
Suppose -3*o - 53*w + 48*w + 74 = 0, -w = -7. Let d(v) = 2*v**3 - 3*v**2 + 3*v - 1. Let j be d(4). What is the greatest common divisor of j and o?
13
Let k(r) be the third derivative of -1/24*r**4 + 0*r - 1/6*r**3 + 4*r**2 + 0. Let c be k(-3). Calculate the highest common factor of c and 3.
1
Let g be (41 - -1)*2/6. Suppose -j - k = 3*k - 8, 2*k = -10. What is the highest common divisor of j and g?
14
Let v = -1773 + 1825. Calculate the greatest common divisor of 130 and v.
26
Let z = 845 - 420. Suppose -2*w + y + z = -2*y, -3*y = w - 235. Let f(b) = 4*b - 8. Let o be f(7). Calculate the highest common divisor of w and o.
20
Let d = -40 - -135. Let h(n) = 6*n - 5. Let i be h(4). What is the greatest common divisor of i and d?
19
Suppose 0 = -k + 5*k + 56. Let h = k + -29. Let f = h + 76. Calculate the highest common divisor of 11 and f.
11
Let b(d) = -d**3 + 40*d**2 - 78*d + 45. Let u be b(38). Let w be 0 - (-1 + (42 - 1)). Let q = u - w. Calculate the greatest common factor of 99 and q.
9
Suppose 2*s - 2*g + 8 - 32 = 0, 2*g - 8 = 0. What is the greatest common factor of 104 and s?
8
Let j = -1425 - -2529. What is the highest common divisor of 23 and j?
23
Suppose 3*g - 177 = -5*r, 3*g = -r + 12 + 21. Calculate the highest common factor of 684 and r.
36
Let s be (9/(-2) + 1)*104/(-91). Let h be (-1)/(s/12) + 7. Calculate the greatest common divisor of h and 10.
2
Suppose 44*s - 8844 = 33*s. What is the highest common divisor of 6 and s?
6
Let r = 63 + -64. Let k(j) = 34*j**2 - 6*j - 5. Let m be k(r). Calculate the greatest common divisor of 5 and m.
5
Suppose v - 202 = -199, 4*v - 292 = -5*t. Calculate the greatest common divisor of 1876 and t.
28
Let n = -6 - -6. Suppose -2*q - q - 24 = n. Let l be (9 + q)/(1/6). What is the greatest common divisor of l and 9?
3
Let t(u) = 4*u - 172. Let l(b) = 3*b - 115. Let w(m) = 7*l(m) - 5*t(m). Let d be w(0). Suppose 2*n = 31 + 13. What is the highest common divisor of d and n?
11
Let u = 406 - 294. What is the highest common factor of u and 64?
16
Let s = -143 - -308. Let x(l) = -l + 40. Let r be x(7). Calculate the greatest common factor of r and s.
33
Let r(b) = 14*b + 16*b - 32*b + 35. Let s be r(-10). What is the highest common divisor of 22 and s?
11
Let n be (-1)/2 + (-2705)/(-10). Suppose -3*k - 3*h + 162 = 0, n = 5*k - 6*h + 2*h. Calculate the greatest common divisor of k and 6.
6
Suppose 3*c - 1700 = -91*b + 86*b, -4*b + 4*c = -1360. What is the greatest common divisor of b and 136?
68
Let k(b) = 5*b + 19. Let p be k(9). Suppose u = 31 + p. Calculate the highest common divisor of u and 38.
19
Let w be 4 - 1350/(20/4). Let o = -77 - w. Calculate the highest common factor of 21 and o.
21
Let r(n) = n - 5. Let g be r(0). Let z = -23 + g. Let y be (24/z)/(1/(-63)). Calculate the greatest common factor of 6 and y.
6
Suppose 352 = 4*i + 4*g, i - 3*g - 100 = -0*i. Calculate the greatest common divisor of 416 and i.
13
Let l(z) = -9*z**3 - 8*z**2 - 7*z + 1. Let t be l(-2). What is the highest common factor of 33 and t?
11
Suppose -124*n = -127*n + 18. Calculate the greatest common factor of 318 and n.
6
Let n be (5 - -11)/(1/(-4)). Let c = 103 + n. Calculate the highest common divisor of c and 26.
13
Suppose -3230 = -14*c - 5*c. Calculate the greatest common divisor of 272 and c.
34
Let x(u) = u**3 - 28*u**2 + 4*u + 91. Let j be x(28). Calculate the highest common factor of j and 29.
29
Let n = -16 - -18. Let t = -21 + 27. Calculate the highest common divisor of n and t.
2
Let m(l) = -5*l + 227. Let x be m(45). Calculate the highest common divisor of 54 and x.
2
Let i(q) = q**2 - q. Let c be i(5). Let g(k) = k**2 + 92*k - 689. Let r be g(7). Calculate the greatest common divisor of r and c.
4
Suppose -10*d + 5*d = 0. Suppose r + 4*m - 38 = 0, d*m = -5*r - 2*m + 208. Calculate the highest common divisor of r and 14.
14
Let g = -9 + -13. Let w = g + 25. What is the greatest common divisor of w and 27?
3
Suppose -12 = m - 4*d - 5, -3*d + 48 = 4*m. What is the highest common divisor of m and 75?
3
Suppose -5*t = -0*p + 5*p - 125, -5*p = -5*t + 75. Calculate the greatest common factor of 88 and t.
4
Let c(u) = -u**3 + 6*u**2 - 5*u + 5. Let i be c(5). Let q = 30 - 6. Suppose 0 = 5*s + 10, -3*s - 37 = -d + q. What is the greatest common factor of d and i?
5
Let m be 32/6 - (-2)/(-6). Let q(i) = i**3 + 14*i**2 + 13*i + 6. Let c be q(-13). Suppose z = m + c. Calculate the greatest common factor of z and 88.
11
Let n(w) = 2*w + 7. Let m be n(3). Suppose 4*b + m = 65. What is the highest common divisor of b and 117?
13
Suppose 660 + 285 = 9*l. Calculate the greatest common factor of 30 and l.
15
Let d(n) = -5*n - 9 + n + 2*n. Let r be d(-6). Let m(l) = -7*l - 6. Let u be m(-3). What is the greatest common factor of u and r?
3
Let w be ((-76)/6 - -1)/(1/(-9)). Suppose -34 = -2*f - 4*d, w - 20 = 5*f + 2*d. Calculate the highest common factor of f and 153.
17
Let k be (-2 + 0)/16 - (-528)/128. Calculate the greatest common factor of 52 and k.
4
Suppose 3*h = -4*i + 21, -5*i = -2*h - 0*i + 14. Let s be (-96)/(-7) + 2/h. Let v be ((-840)/(-50))/(2/15). Calculate the greatest common divisor of v and s.
14
Let h(x) = 3*x**2 + 3*x - 1. Let v be h(-4). Suppose 6*y - 11*y - 5*d = -125, -105 = -3*y + 3*d. Let j = v - y. What is the greatest common divisor of 2 and j?
1
Let v(k) = 5*k**2 - k + 2. Let o = 2 + -4. Let h be v(o). Let f be (2 - 4)*(2 - 6). Calculate the highest common divisor of f and h.
8
Let a(v) = -v - 5. Let k be a(-15). Suppose -2*n - 4 = -k. Calculate the highest common factor of 3 and n.
3
Let k(p) = -26*p + 42. Let b be k(0). Calculate the greatest common divisor of 672 and b.
42
Suppose -5*h + 5 = 0, -42*s - 2*h + 527 = -37*s. What is the highest common factor of 875 and s?
35
Let x(d) = -199*d**3 - 10*d**2 - 16*d. Let m be x(-2). What is the greatest common divisor of 72 and m?
72
Let z = -278 + 380. Calculate the highest common divisor of z